What is the remainder when w(p) is divided by 13?
12
Suppose 0 = -f + 5*b + 356 + 41, 5*f - 2*b = 1985. Calculate the remainder when f is divided by 6.
1
Let g(w) = 10*w**2 + 4*w + 3. Let h = 127 + -124. Suppose 4*f + h*j = -2*j + 73, -4*f + 5*j = -23. Calculate the remainder when g(-2) is divided by f.
11
Suppose 7*m = 16 - 16. Suppose 14*c = 9*c - 2*k + 619, -2*c - 2*k + 244 = m. Calculate the remainder when 385 is divided by c.
10
Suppose -2*s + 5*g - 977 = 0, -g + 1 = 6. Let q = -457 - s. What is the remainder when 262 is divided by q?
42
Let s = 19 + -22. Let h(x) = -x - 1. Calculate the remainder when 0 + (0 - 30)/s is divided by h(-7).
4
Let l(z) = 59*z + 2. Let i be l(-1). Let w = -38 - i. Suppose 0 = 16*r - 361 - 183. What is the remainder when r is divided by w?
15
Calculate the remainder when 325 is divided by ((-72)/(-12 + -6))/((12/16)/3).
5
Let c = -54 - -51. Let h be (-9 + 2)/(c - (-138)/45). Let w = 109 + h. Calculate the remainder when 19 is divided by w.
3
Suppose 306*l = 36890 - 9044. What is the remainder when 7732 is divided by l?
88
Suppose 7*g = 24 + 11. Suppose -2*t = -2*o + 5*o - 67, o = g*t - 6. Calculate the remainder when o is divided by 5.
4
Let c = 13 - 8. Suppose -v + 3*d + 53 = v, v - c*d - 37 = 0. What is the remainder when ((-20)/(-9))/(26509/882 + -30) is divided by v?
18
Calculate the remainder when 201 is divided by 12 + -15 + 37 + (-3 - -2).
3
Let i = 114 + -47. Let n = i - 52. Calculate the remainder when 15/(14/12*18/56) is divided by n.
10
Let p = -2688 + 2708. Calculate the remainder when 656 is divided by p.
16
Let i = -5 - -30. Let j(w) = -w**2 + 8*w - 9. Let t be j(6). Suppose -q - 4*q = -i, t*k - 28 = -2*q. What is the remainder when k is divided by 5?
1
Let t = 42150 + -42095. What is the remainder when t is divided by ((-21)/(-1))/(3/2)?
13
Suppose 8*y - 18 + 18 = 0. Suppose -5*z + 9*u - 7*u + 632 = y, -2*z - 5*u = -247. What is the remainder when z is divided by 11?
5
Let b(k) = -20*k**3 - k**2 + 2*k - 1. Let t be b(1). Let p = -20 - t. Calculate the remainder when 186/14 - p - 8/28 is divided by 5.
3
Let u(k) = 33*k**3 + 5*k**2 + 6*k + 6. Let c(s) = -16*s**3 - 2*s**2 - 2*s - 3. Let y(t) = -7*c(t) - 3*u(t). Calculate the remainder when 71 is divided by y(1).
5
Suppose 0 = 23*m - 17*m - 642. Suppose -3*u + i = -5*u + m, -3 = -i. Suppose 4*v - 35 = -11. What is the remainder when u is divided by v?
4
Let f = -19 + 76. Let s = 30 - 26. Suppose -3*q + 66 = y - s*y, 0 = y + 2. What is the remainder when f is divided by q?
17
What is the remainder when (1901 - -27) + (5 - 12/6) is divided by 30?
11
Let x = 209 - 133. Suppose -4*u + 21 = -5*n + x, -33 = -3*n + 3*u. Calculate the remainder when n is divided by 5.
1
Let a(w) = 3*w + 16. Let f = -239 - -238. What is the remainder when 33 is divided by a(f)?
7
Let a(n) = n + 50. Let f = -37 + 62. Let w be a(f). Suppose -354 = -3*r - w. What is the remainder when r is divided by 32?
29
Let j(p) = -2*p + 31. Let m be j(9). Suppose 7 = -4*r - m. Let i(u) = u**3 + 6*u**2 + 6*u + 22. Calculate the remainder when 48 is divided by i(r).
14
Let q(j) = -114*j - 2015. What is the remainder when 215 is divided by q(-18)?
30
Calculate the remainder when 400 is divided by (-8)/(56/(-161)) + -13.
0
What is the remainder when ((-68110)/30)/((-22)/6) + (-84)/462 is divided by 40?
19
Let h = 51 - -3. Let v = 54 - h. Suppose v = 5*k - 6*k + 22. Calculate the remainder when 64 is divided by k.
20
Suppose -h + d - 6*d + 26 = 0, d = -5*h + 178. Let z = -174 - -227. Suppose -157 = -8*m - z. What is the remainder when h is divided by m?
10
Suppose 2*d + 43*z - 46*z = 2400, -4*z + 6046 = 5*d. Calculate the remainder when d is divided by 1192.
14
Let y be (-165)/(-99) + 1/((-3)/2). Let u(h) = 248*h - 1. Let o be u(y). Suppose -o - 68 = -5*c. Calculate the remainder when c is divided by 6.
3
Suppose 0 = 27*p + 140 - 653. Suppose 2*v + p = -3*z + 91, 4*v = -3*z + 66. What is the remainder when 28 is divided by z?
2
Let f(l) = -l + 111. Let g = 37 + -1. What is the remainder when f(g) is divided by 41?
34
Suppose -138*c + 17943 = -27321. What is the remainder when c is divided by 33?
31
Let y(v) = v**3 - 9*v**2 - 20*v + 6. Let a be y(11). Suppose -a*h = 8*h - 1368. Calculate the remainder when 377 is divided by h.
35
Calculate the remainder when 3 + (-16 - -13) + 1*111 is divided by 27.
3
Suppose 29*c = 38*c - 189. Let r be c/(-18) + 1 + (-186)/(-36). Suppose -57 = -g - 3*f, r*g - 95 - 154 = 3*f. What is the remainder when g is divided by 14?
9
Suppose 0 = 101*b - 81*b - 3260. Calculate the remainder when b is divided by 113.
50
Let r(i) = i**2 - 5*i + 14. Let t be r(3). Suppose 209 = 11*f + t*f. What is the remainder when 58 is divided by f?
3
Suppose 0 = -21*y + 4014 + 1572. What is the remainder when y is divided by 11?
2
Suppose 0 = -2*w - 5*g - 146, 4*w - g + 6*g = -312. Let y = -76 - w. Calculate the remainder when 37 is divided by ((-22)/(-10))/(y/35) + -3.
5
Let j(d) = -d - 40. Let y(p) = 2*p + 100. Let q(c) = 12*j(c) + 5*y(c). Calculate the remainder when q(4) is divided by 6.
0
Let c = -301 - -304. Calculate the remainder when (0 + 1)*(c + -4 - -38) is divided by 11.
4
Suppose 5*j - 779 = 5541. Calculate the remainder when j is divided by 27.
22
Calculate the remainder when ((-11)/(22/10))/(3/(-1125)*3) is divided by 52.
1
Suppose -3*t - 10*w + 12*w + 185 = 0, 188 = 3*t - 5*w. Calculate the remainder when 5913 is divided by t.
57
Suppose -29447*q + 29421*q + 39780 = 0. Calculate the remainder when q is divided by 48.
42
Suppose -7*m + m + 120 = 0. Calculate the remainder when 1738 is divided by m.
18
Let u(m) = 20*m - 76*m - 34 + 27*m + 32*m. What is the remainder when u(18) is divided by 6?
2
Let v(s) = -3*s + 26. Let p be v(8). Suppose 5*g + 5063 = 4*a, -a - 5*g + 1270 = -p*g. Suppose a = 11*f + 222. What is the remainder when f is divided by 25?
20
Let v = -270 + 390. Let d = -1776 - -1805. Calculate the remainder when v is divided by d.
4
Suppose -19*k + 5014 = -4828. Suppose 0 = 11*b - 505 - k. Calculate the remainder when b is divided by 12*8/(-1 - -3).
45
Let r(g) = -g**3 + 16*g**2 - 56*g + 15. What is the remainder when 1041 is divided by r(6)?
27
Let b = 14084 + -6343. What is the remainder when b is divided by 176?
173
Suppose 213 + 57 = 10*o. Suppose r + r - 4 = 0, h + 4*r - 6 = 0. What is the remainder when -214*(1/1)/h is divided by o?
26
Let v(x) = x**3 + 16*x**2 + 33*x - 16. Let d be v(-14). Let h = 93 + d. Suppose -3*s + 21 = -0*s. What is the remainder when h is divided by s?
0
Let m be (-1)/(-2) - (-45)/30. Suppose -3*d - 2*n + 11 = -n, 0 = -n + m. Suppose 8 = o + d. Calculate the remainder when 32 is divided by o.
2
Suppose -2*g + 6 = -4, 4*g = 4*m - 204. Let s = -471 - -475. Calculate the remainder when m is divided by 12 - (6/(-8) + (-9)/s).
11
Suppose 0*o - 4*v = -4*o - 12, 3*o = -4*v - 9. Let j(z) = -27*z - 49. What is the remainder when 71 is divided by j(o)?
7
Suppose -496 = -5*c - 56. Suppose 2*g - 7 = g + 2*x, -4*g = 4*x - c. What is the remainder when 145 is divided by g?
9
Suppose -5*m - 365 = -10*m. Let d(h) = -5*h - 79. What is the remainder when m is divided by d(-21)?
21
What is the remainder when 179 is divided by 2040/476*14/3?
19
Let z(t) = -t**3 + 68*t**2 - 1040*t + 3. What is the remainder when z(27) is divided by 84?
48
Let x(n) = -915*n - 15540. Calculate the remainder when 2*-2*237/(-6) is divided by x(-17).
8
Let y = 352 + -950. Let m = 609 + y. Calculate the remainder when 74 is divided by m.
8
Let n = -13 - -15. Let t = n + 51. Calculate the remainder when 104 is divided by t.
51
Let u(l) = 6*l + 44. Let w be u(-4). Let q = 30 - w. What is the remainder when 24 is divided by q?
4
Suppose -27*d - 2663 - 3270 = -44*d. What is the remainder when d is divided by 133?
83
Suppose -j = -4*v - 3, -5*v + 4*j = -77 + 89. Suppose -3*p + 4*m + 29 = v, -4*p + 5*m + 7 = 6*m. What is the remainder when p is divided by 3?
0
Suppose 35*v = 28*v + 105. Calculate the remainder when -1 - (-4)/2 - 123/(-3) is divided by v.
12
Let b = 401 - 47. Calculate the remainder when b is divided by 19.
12
What is the remainder when 245 is divided by (325/39 - 8)*411*1?
108
Let z = -63 - -42. Let u(b) = b**3 + 9*b**2 + b - 17. Calculate the remainder when u(